014
In base 8, what is -2 + 150717635?
150717633
In base 2, what is 1111100110111001011011101100 + 11?
1111100110111001011011101111
In base 4, what is 23033323230 - 0?
23033323230
In base 5, what is -4233 - 113303324?
-113313112
In base 8, what is 1 + -114400516?
-114400515
In base 12, what is 274 + -37447?
-37193
In base 9, what is 40844384 + -3?
40844381
In base 14, what is 796d36a - -12?
796d37c
In base 10, what is -1166476 + 481?
-1165995
In base 11, what is 165aa0 - 37?
165a64
In base 13, what is 12cca089 - 4?
12cca085
In base 10, what is 73 - -184660?
184733
In base 9, what is 304 - -87200?
87504
In base 3, what is 1020010111210 - 10?
1020010111200
In base 10, what is -5 - 19387365?
-19387370
In base 9, what is 1 - -4302287?
4302288
In base 9, what is -1788 - 5012?
-6811
In base 4, what is 120022 + 21330331?
22111013
In base 3, what is 1021221012211002 - -12?
1021221012211021
In base 12, what is -a395 + -242?
-a617
In base 10, what is -1122 + 237210?
236088
In base 6, what is 344 + 4430432?
4431220
In base 15, what is 6a2827 + 48?
6a2870
In base 3, what is 12 + -20122210100122?
-20122210100110
In base 10, what is -21341 - 45512?
-66853
In base 13, what is -1 + 24cc22b1?
24cc22b0
In base 10, what is 6621 - -20145?
26766
In base 12, what is 9 + -168a8b?
-168a82
In base 2, what is -111010010100 + -110011100111010?
-111010111001110
In base 3, what is -2 - -10000020001100?
10000020001021
In base 8, what is -70051543 + -30?
-70051573
In base 10, what is -19121855 - 5?
-19121860
In base 8, what is 305202 + 73?
305275
In base 15, what is 59022 - -1a8?
591ca
In base 14, what is -62 - -40bcb?
40b69
In base 16, what is -1d4c - 728?
-2474
In base 14, what is 1640 - 135?
1509
In base 4, what is -1321 - 1021032201?
-1021100122
In base 15, what is 3 - a83a5?
-a83a2
In base 3, what is -2 + -100220001221?
-100220002000
In base 15, what is 1043 - 11b?
e27
In base 6, what is 3 - 2041444240?
-2041444233
In base 6, what is 0 + 1144552201?
1144552201
In base 16, what is 7c - -1beba?
1bf36
In base 7, what is -1344 + 404432?
403055
In base 5, what is -100303104 - -10?
-100303044
In base 4, what is 103321033320031 + 0?
103321033320031
In base 2, what is -1 - 11110010100010100011000010?
-11110010100010100011000011
In base 5, what is 144314 + -41034?
103230
In base 5, what is 1 + 34442422213?
34442422214
In base 13, what is 5b - ca5294?
-ca5236
In base 13, what is -3 - 74083?
-74086
In base 11, what is 168940103 + -1?
168940102
In base 7, what is 4 + -2242420?
-2242413
In base 15, what is 4a + -56772?
-56727
In base 2, what is -1010000101001 + 11011010100111?
10001001111110
In base 9, what is 28080102 + -13?
28080078
In base 10, what is 177754 + -38?
177716
In base 16, what is -14b + b3a3?
b258
In base 16, what is -5 - 1e2aac?
-1e2ab1
In base 16, what is -10c4 - -a72?
-652
In base 9, what is 14578 - -130727?
145416
In base 4, what is 230313332312021 - -1?
230313332312022
In base 16, what is -2f + -1177e?
-117ad
In base 3, what is -202002112000011 + -11?
-202002112000022
In base 7, what is 2215 - -33113?
35331
In base 2, what is -10010 + 100101011100011000?
100101011100000110
In base 3, what is 1012112021222011 - -10?
1012112021222021
In base 13, what is -2a01184 + -21?
-2a011a5
In base 2, what is 100 - -100011111111000000001?
100011111111000000101
In base 8, what is 57723016 + -1?
57723015
In base 10, what is 23198 + -11445?
11753
In base 6, what is -104215142 + -12?
-104215154
In base 8, what is -2 + 5436473?
5436471
In base 10, what is -3 + 48343761?
48343758
In base 14, what is 6094d - 4c?
60901
In base 15, what is -1 + -d7cc301?
-d7cc302
In base 15, what is 321 - -53192?
534b3
In base 3, what is -2122 + -102200002022200?
-102200002102022
In base 5, what is 1 - -31144404140?
31144404141
In base 15, what is -6 + -42a50c?
-42a513
In base 4, what is 303313133 + -32022?
303221111
In base 6, what is -10130 + -1345311?
-1355441
In base 4, what is 1013013 - -133010320?
200023333
In base 7, what is 20123105 - 3?
20123102
In base 8, what is -11035425603 - 0?
-11035425603
In base 10, what is 87 - -439917?
440004
In base 10, what is -3 - 2044559?
-2044562
In base 10, what is -1476 + 176928?
175452
In base 11, what is 1a8 - 539a81?
-539884
In base 6, what is 1 + 413015414?
413015415
In base 11, what is -37aaa0 + -5?
-37aaa5
In base 9, what is -110 + 5104362?
5104252
In base 5, what is 11334 - 223031?
-211142
In base 11, what is 33793 + -335?
33459
In base 12, what is -3640950 + -2?
-3640952
In base 7, what is -22402 + -25605?
-51310
In base 3, what is 221010212 - -11212120?
1010000102
In base 3, what is -1222221121 + 20202102?
-1202012012
In base 7, what is -1314 - -15242530?
15241213
In base 16, what is -6 + -1685271?
-1685277
In base 15, what is -2c9a5 + -2d3?
-2cc88
In base 4, what is -320213 + 10032?
-310121
In base 4, what is 100 + 1033210313230?
1033210313330
In base 12, what is 51937b + 51?
519410
In base 4, what is -30003 + 1003221?
313212
In base 13, what is 14 + -10c9c74?
-10c9c60
In base 12, what is b + 6735937?
6735946
In base 9, what is 586 - -1172418?
1173115
In base 12, what is 72943 + 7a?
72a01
In base 16, what is 3525 - -24b6?
59db
In base 7, what is -133150 - 144115?
-310265
In base 13, what is 5 + -3745439?
-3745434
In base 4, what is -2 - 3121333213?
-3121333221
In base 13, what is 33a92c - 62?
33a89a
In base 8, what is -13352003 + -11?
-13352014
In base 16, what is c96d + -17f2?
b17b
In base 11, what is 1491a70 + 7?
1491a77
In base 16, what is 209 + ab70?
ad79
In base 11, what is 3 - 218aa982?
-218aa97a
In base 7, what is -152642333 - 5?
-152642341
In base 9, what is -1034764 + 21?
-1034743
In base 6, what is 311014 - -20503?
331521
In base 5, what is -11340 + 321143?
304303
In base 5, what is 200043104323 - -4?
200043104332
In base 2, what is 1101101000001 - -10011111001011?
100001100001100
In base 16, what is 4 + -14f7b7c?
-14f7b78
In base 11, what is -1432022 - 6?
-1432028
In base 15, what is -50 + 34ad2?
34a82
In base 4, what is -11 - -201131301102?
201131301031
In base 16, what is 4c6a - -427?
5091
In base 16, what is -1c2bd - -114f?
-1b16e
In base 4, what is -111102003123 - -3?
-111102003120
In base 15, what is -8b - -15a0ea?
15a05e
In base 14, what is 1ab + -2c6971?
-2c67a4
In base 6, what is 512 + -15220025?
-15215113
In base 16, what is -5b955 + 1a?
-5b93b
In base 9, what is -503047 - -4?
-503043
In base 8, what is -55700 + 1336?
-54342
In base 9, what is -424405 - 11?
-424416
In base 10, what is -30363 + 5881?
-24482
In base 14, what is 4 - -670229?
67022d
In base 5, what is 143433220212 + -3?
143433220204
In base 11, what is -4 - 130a76a8?
-130a7701
In base 11, what is -601 - 1158?
-1759
In base 13, what is 118cb - 478?
11453
In base 14, what is 179a858 - 3?
179a855
In base 13, what is -4185 - 952?
-4b07
In base 11, what is 32296180 - 8?
32296173
In base 14, what is 4 - -cc638d4?
cc638d8
In base 11, what is -5378a85 - -2?
-5378a83
In base 11, what is -9947 - -2533?
-7414
In base 16, what is -55 - 1de58d?
-1de5e2
In base 2, what is -100000010000011110000101 - 10110?
-100000010000011110011011
In base 6, what is -5 - 4344052121?
-4344052130
In base 3, what is 12 - -212202011211100?
212202011211112
In base 5, what is 141 + 30142321124?
30142321320
In base 13, what is -56470 - 290?
-56730
In base 5, what is -2200020 - 124?
-2200144
In base 13, what is -5 - 17340bb?
-17340c3
In base 2, what is 10001110011010010100100 + -100?
10001110011010010100000
In base 5, what is 430 + -132032040?
-132031110
In base 2, what is -10 - 10001101011011010100011?
-10001101011011010100101
In base 16, what is -7956 - -4db2?
-2ba4
In base 7, what is -1523430 - -1056?
-1522341
In base 5, what is -1 + -332202122?
-332202123
In base 11, what is -105 + -19a27a?
-19a384
In base 6, what is 50340 + -43431?
2505
In base 13, what is 79509a - 0?
79509a
In base 3, what is 211 + 112112021200111?
112112021201022
In base 10, what is -2440473 - -1?
-2440472
In base 5, what is 13112 + 32410323?
32423440
In base 4, what is 11 - -2023221020?
2023221031
In base 6, what is -1515 + -12225111?
-12231030
In base 15, what is 2d004 - b?
2cee8
In base 4, what is 13 + 2330202120333?
2330202121012
In base 4, what is -21032100 - 121?
-21032221
In base 13, what is -13c7 + -19834?
-1ac2b
In bas